s -22b219 (base 15) in base 3?
-10010012210120
Convert -1043022 (base 8) to base 6.
-10000402
Convert -564452 (base 9) to base 2.
-1010010011111101010
What is 257011 (base 9) in base 10?
156016
Convert -19ddc (base 16) to base 14.
-2a87a
-230020311320 (base 4) to base 10
-11570552
303101310 (base 4) to base 6
4300220
Convert 1214471 (base 8) to base 14.
89aad
3425cc4 (base 13) to base 2
111101001011000000110110
642066 (base 12) to base 16
1819ce
What is -111012210220 (base 3) in base 15?
-52110
What is -186655 (base 9) in base 6?
-2255035
42735 (base 11) to base 15
1360b
Convert -14a1196 (base 11) to base 13.
-6b9c02
13203002 (base 5) to base 11
8a991
Convert -10132201300 (base 4) to base 14.
-2279ba
What is 3132332 (base 5) in base 14?
1505b
Convert -458974 (base 10) to base 5.
-104141344
What is -110111100100000000001111 (base 2) in base 8?
-67440017
-35a62 (base 13) to base 16
-18086
What is -1110210122212 (base 3) in base 6?
-24442552
What is 3a155 (base 16) in base 5?
30103114
-3201021130 (base 4) to base 14
-1a011a
Convert 13132100130 (base 4) to base 8.
7362034
1000111111000111 (base 2) to base 15
ad8c
1234024 (base 7) to base 8
470160
What is 511545433 (base 6) in base 13?
1a80a4c
Convert 82440 (base 10) to base 11.
56a36
Convert -1241325 (base 6) to base 5.
-4131413
What is -2243330304 (base 5) in base 12?
-183b250
What is 220230223 (base 4) in base 6?
3323431
What is 3465364 (base 9) in base 12?
764487
Convert 26325450 (base 7) to base 15.
3291b9
What is a11a0 (base 15) in base 12?
207180
What is -3317835 (base 12) in base 15?
-cc5718
-123b51 (base 12) to base 8
-1104255
What is 52414412 (base 6) in base 12?
617408
What is -e915 (base 16) in base 5?
-3402134
Convert 53241553 (base 6) to base 15.
20c6e3
What is -22033300130 (base 4) in base 5?
-1141422410
Convert -2221003 (base 5) to base 4.
-21133132
25797b (base 13) to base 3
1200211211222
Convert -287236 (base 10) to base 13.
-a0981
What is -76287 (base 11) in base 9?
-178002
10000110000001010010011 (base 2) to base 14
8245d9
What is -311435 (base 7) in base 9?
-81208
What is -5b073 (base 14) in base 3?
-102022000202
What is 12874 (base 12) in base 13?
b764
-1b56b56 (base 13) to base 12
-3054299
What is -2cef2b (base 16) in base 2?
-1011001110111100101011
What is -3880028 (base 9) in base 11?
-1218232
756aa (base 12) to base 16
25ca2
-1214100312 (base 5) to base 10
-2878207
What is 455652 (base 7) in base 16?
13d7f
What is 122302331 (base 4) in base 16?
1acbd
What is -12160283 (base 10) in base 9?
-24783685
What is 63c11a (base 14) in base 13?
912457
Convert -1111100110111011010 (base 2) to base 3.
-221222120121
What is 1aa79e (base 16) in base 10?
1746846
4100330 (base 6) to base 4
233133132
1130023 (base 6) to base 10
58335
What is -20210212210 (base 3) in base 11?
-91793
Convert -3551324 (base 7) to base 6.
-13344555
Convert -2221112122111 (base 3) to base 6.
-53320151
-343e7e (base 16) to base 5
-1334030440
Convert 1a9061 (base 14) to base 7.
11022151
-2e0b8d (base 16) to base 7
-34435464
-2132105 (base 6) to base 9
-170575
-10111012012 (base 3) to base 2
-10000110000111010
What is 11001011110111011000010 (base 2) in base 16?
65eec2
Convert 23600 (base 12) to base 10.
47520
What is -a35bb (base 16) in base 13?
-1a5735
What is -1854 (base 16) in base 15?
-1ca3
Convert 3231002113 (base 4) to base 13.
27cbcb
829334 (base 11) to base 13
377530
What is -e154 (base 16) in base 11?
-3a380
Convert 1002003333 (base 5) to base 8.
7444513
343433241 (base 5) to base 8
5713527
What is -2001133001 (base 4) in base 9?
-887468
3340115 (base 6) to base 12
8163b
Convert a9c2b3 (base 13) to base 8.
17176233
Convert -8b9e7 (base 15) to base 3.
-211120120001
Convert -12002422 (base 5) to base 2.
-11010110010101001
What is -4036546 (base 8) in base 3?
-2000001221022
Convert 10786614 (base 10) to base 8.
51113466
5422dd (base 16) to base 12
1a1ab39
440444232 (base 6) to base 10
7875452
15808754 (base 10) to base 2
111100010011100011110010
What is -1601113 (base 7) in base 5?
-24001033
What is -68c13 (base 15) in base 11?
-2085a3
What is -1338212 (base 9) in base 3?
-1101022020102
What is -1206 (base 12) in base 16?
-7e6
What is 12a660 (base 12) in base 6?
10340200
What is 24010314 (base 6) in base 8?
2664606
What is -2002100022022 (base 3) in base 7?
-12266222
-230031302 (base 4) to base 9
-305378
11010001010110000 (base 2) to base 3
12110000210
What is 15344000 (base 6) in base 3?
1000120022000
What is 2042411 (base 6) in base 8?
301407
Convert -7764 (base 14) to base 12.
-bb64
-1242355 (base 6) to base 13
-24c23
What is -6273177 (base 8) in base 15?
-22e690
-2077504 (base 8) to base 13
-166610
370b3 (base 12) to base 3
10210010000
Convert 102020310 (base 5) to base 16.
67525
What is -132243113 (base 7) in base 9?
-17017378
What is 8e7b64 (base 16) in base 10?
9337700
Convert 1020110022112 (base 3) to base 15.
d01b2
What is 1000000011100111100101 (base 2) in base 5?
1020040343
Convert 1221320 (base 10) to base 13.
339b99
Convert 107628 (base 9) to base 4.
33302120
a598b6 (base 12) to base 13
7045c2
1301330100 (base 4) to base 2
1110001111100010000
Convert 10f867 (base 16) to base 4.
10033201213
Convert 6315241 (base 11) to base 4.
222132102112
2189695 (base 10) to base 15
2d3bea
10100011011101010000 (base 2) to base 11
418025
What is -58998 (base 11) in base 9?
-138588
Convert -11208bb (base 12) to base 8.
-14401417
What is -10000000000110 (base 2) in base 14?
-2db8
Convert -1336140 (base 8) to base 15.
-765a4
What is 2a35d4 (base 14) in base 15?
1e04c1
What is -11049 (base 16) in base 11?
-48409
Convert -683842 (base 9) to base 8.
-1440067
Convert -34431512 (base 8) to base 11.
-425201a
101011110001101001111110 (base 2) to base 8
53615176
What is 1066655 (base 7) in base 12?
6597b
Convert -1111110120 (base 4) to base 12.
-14a2a0
30322311 (base 5) to base 3
110110112100
Convert -6761667 (base 10) to base 7.
-111321213
What is 314470 (base 12) in base 5?
144243204
What is 554246 (base 15) in base 2?
1111100000001100010000
Convert -10127306 (base 10) to base 8.
-46503712
What is 16d25 (base 14) in base 10?
57461
Convert 1096b2 (base 13) to base 16.
5fc21
What is 7511 (base 9) in base 4?
1112032
-100011201010 (base 3) to base 12
-88603
2320224 (base 5) to base 12
2032b
455848 (base 11) to base 15
e4c8e
Convert -62510 (base 8) to base 3.
-1022120022
What is -421210 (base 7) in base 5?
-4304403
Convert -158bc37 (base 13) to base 5.
-3234004003
What is -30444450 (base 8) in base 11?
-36aa458
What is 458524 (base 15) in base 11?
19674a7
-75824 (base 10) to base 14
-1d8c0
-6144dd (base 16) to base 11
-3664390
135b1ca (base 15) to base 14
1bd5371
What is -110352 (base 8) in base 7?
-213105
Convert -467c (base 15) to base 8.
-35167
Convert -3424043010 (base 5) to base 4.
-131022011301
Convert -136234 (base 12) to base 16.
-4e8c8
Convert c8a16a (base 14) to base 2.
11001111001011101010010
What is 30243132 (base 5) in base 10?
243542
2445020 (base 6) to base 16
1fe84
What is 4103507 (base 8) in base 5?
234130312
Convert 1210011 (base 7) to base 2.
100101100001001000
-1423203 (base 6) to base 7
-455241
Convert -10110021100210 (base 3) to base 7.
-21414303
Convert -13312103113 (base 4) to base 15.
-2a9921
What is 20004276 (base 8) in base 6?
225540234
What is a166f (base 16) in base 9?
1216768
What is -657b42 (base 14) in base 13?
-935c89
What is 2242002 (base 6) in base 3?
12211001002
What is -14245015 (base 6) in base 3?
-220210221102
Convert -3c3070 (base 15) to base 7.
-33420504
What is 8672c (base 15) in base 7?
3425340
What is 1294904 (base 10) in base 16?
13c238
Convert -1110100101100000 (base 2) to base 13.
-21269
What is 1c8b0b (base 16) in base 3?
10112000222121
-10011101111110001010001 (base 2) to base 11
-2a1611a
Convert -4550d (base 14) to base 7.
-1300616
What is 14224413 (base 6) in base 14?
c9025
Convert 156034654 (base 7) to base 6.
1015045354
Convert -205253310 (base 6) to base 9.
-6720236
Convert 222312545 (base 6) to base 3.
21121010122202
535041210 (base 6) to base 15
c72d66
-87872 (base 9) to base 11
-3a894
Convert -415652 (base 8) to base 16.
-21baa
Convert -484809 (base 10) to base 9.
-818026
884b9b (base 12) to base 13
5aa679
What is -432433302 (base 5) in base 15?
-2660d7
Convert -7